8*h**3/3 + 3*h**2 - 3. List the prime factors of q(-3).
2, 5
Let p(a) = -a**3 - 11*a**2 + 21*a + 2. Let g = 21 + -34. Let v be p(g). List the prime factors of -1 - (-81 - 0) - (64 - v).
83
List the prime factors of (-12)/(-78) + (-262480)/(-104).
2, 631
Suppose 17*d = 45*d + 588. Suppose -3*t = -t + 6. What are the prime factors of 60*(t + d/(-6))?
2, 3, 5
List the prime factors of ((-2378)/6)/(2/24*(-4 - 0)).
29, 41
Let f be -5*(-4)/20 - -203. Let q = f - 180. List the prime factors of q.
2, 3
Suppose 12*j - 40 = -64. What are the prime factors of (-20984)/(-56) - j/7?
3, 5
Let s = 157 + -152. Suppose 0*j - 813 = -s*j - 3*o, 3*j = o + 499. List the prime factors of j.
3, 5, 11
Suppose -14448*f = -14450*f + 12486. List the prime factors of f.
3, 2081
Let i = -15 - -4. Let d(y) = 4*y**2 + 14*y - 17. Let f be d(i). Suppose 0 = 3*x - 203 - f. List the prime factors of x.
2, 43
Let k(v) = -4*v + 95. Let h be k(-15). Suppose -3*f - r = -3*r - h, 0 = 2*f - 2*r - 104. What are the prime factors of f?
3, 17
Suppose 0 = 2*y - 64 + 58. Suppose 4*v = 4*x + 148, -y*x = -5*x + 10. Suppose 0 = -2*j - v + 380. What are the prime factors of j?
13
Suppose 0 = 28*j - 123045 - 90259. What are the prime factors of j?
2, 13, 293
What are the prime factors of (-5615)/((-4)/(-6)*90/(-60))?
5, 1123
List the prime factors of (1*3/(-2))/(1845/(-6644460)).
2, 37, 73
Let a(l) = l**2 + 13*l - 26. Let j be a(-19). Let m = j + 128. What are the prime factors of m?
2, 3
Let i = 305 - 410. What are the prime factors of ((-30)/i - 1100/(-21))*3?
2, 79
Let w = 1941 - 760. What are the prime factors of w?
1181
List the prime factors of (-85438)/(-14) - ((-116)/(-14))/(-29).
17, 359
Suppose 0 = -j + 2, -2*j - 2 = -3*d - 0. Suppose 27 = 3*u - 3*o, -2*u = d*u - 3*o - 31. Suppose 33 = -3*s + u*s. List the prime factors of s.
3, 11
Let p(s) = 199 - 109*s - 137 - 49*s. List the prime factors of p(-4).
2, 347
Let c(t) = 31*t**3 + 6*t**2 + 28*t - 374. What are the prime factors of c(8)?
2, 8053
Suppose -73805 = 17*i - 399763. List the prime factors of i.
2, 9587
Let a(r) = -r**2 + 2*r + 6. Suppose -6 = -3*t + 3, l - 2*t = -2. Let g be a(l). Let p(z) = -16*z - 7. List the prime factors of p(g).
5
Suppose 120*g + 46868 = -3*g + 461870. What are the prime factors of g?
2, 7, 241
Suppose -2*x - 3*x - 5*q + 20 = 0, -x + 3*q = 4. Let f be -3 + (-5)/x*(-12)/5. List the prime factors of f - (1 + (-54 - -3) - 4).
3, 19
Suppose -2*d + 46 = -4*l, 5*l = -0*l - 2*d - 35. Let s be 3/(l/(-129))*-1 + -3. Let h = s + 67. List the prime factors of h.
3, 7
Let p = -1716 + 3090. Let j = -688 + p. List the prime factors of j.
2, 7
Let b(n) = 4*n**2 - 3*n + 5. Let w be b(2). Suppose 5*d + 5*x + 0 + w = 0, x = 4*d - 3. Suppose d = 2*h - 7*h + 600. List the prime factors of h.
2, 3, 5
Let h = 2044 + 1400. List the prime factors of h.
2, 3, 7, 41
Let k(m) = m**3 + 15*m**2 - 21*m - 27. Suppose -140 = -17*n + 27*n. What are the prime factors of k(n)?
463
Let y = -5791 + 39985. List the prime factors of y.
2, 3, 41, 139
Suppose -4*h + i + 37400 = 0, 14*h + 28050 = 17*h + i. What are the prime factors of h?
2, 5, 11, 17
Let l(p) = -145*p**2 - 16*p - 36. Let n be l(34). List the prime factors of n/(-280) - 4/(-14).
601
Let v = 9978 - 6178. Suppose 30*r = 10*r + v. What are the prime factors of r?
2, 5, 19
Let m(s) = 6*s**2 + 7*s - 2. Let g be m(-2). List the prime factors of -2 + g - (-1915)/5.
389
Suppose 0 = y + y - 288. Let u(n) = 10*n - 2. Let d be u(-9). Let g = d + y. What are the prime factors of g?
2, 13
Suppose -5*v - 8 - 7 = 0. Let f(d) = 9*d + 18. Let g be f(v). List the prime factors of ((15/g)/(-5))/(3/1719).
191
Suppose 0 = -3*s - 9, 4*s - 6001 - 6049 = -2*r. List the prime factors of r.
37, 163
Let k(o) = 54*o - 3. Let n be k(-4). Let r = -325 - -171. Let g = r - n. What are the prime factors of g?
5, 13
Suppose -32*s = -37*s + 850. Let g = 75 + -41. Suppose -2*f - 3*f + 4*j = -s, f - g = -j. List the prime factors of f.
2, 17
Let h = -7453 + 13438. List the prime factors of h.
3, 5, 7, 19
Suppose 4*c = -524 + 5540. Suppose 450 + c = 6*d. What are the prime factors of d?
2, 71
Suppose 0 = -12*z + 7*z - 55. Let d(s) = -44*s - 25. What are the prime factors of d(z)?
3, 17
Suppose -12*t + 19*t = -5*t + 113412. What are the prime factors of t?
13, 727
Suppose 33 = -u - 10*u. List the prime factors of 210/(-56)*568/u.
2, 5, 71
Suppose 50939 + 47642 = 7*r. What are the prime factors of r?
14083
Suppose 0 = -4*k + 4*c + 2936, -8*c = -3*k - 13*c + 2226. List the prime factors of k.
11, 67
Let y = -7 + 0. Let a = y - -35. Suppose -a*o + 33*o = 60. List the prime factors of o.
2, 3
What are the prime factors of (-65532)/(-22)*(-6270)/(-570)?
2, 3, 43, 127
Suppose 2 = -3*c - 4*s, 5*s = -3*c - c - 2. Suppose 2641 = 3*w + c*z, -w - z = 2*z - 885. What are the prime factors of w?
3, 293
Let t(n) = 3*n**2 - 3*n + 1. Let o be t(1). Suppose -o = -4*p + 3. List the prime factors of 0 + 129/p + 0.
3, 43
Let f = -19 - -23. Suppose -25 = -f*s + 491. List the prime factors of s.
3, 43
Let w(b) = -7*b**2 + b + 2. Let o be w(1). Let j be 10/o*(-16 + 18). List the prime factors of (62/j + -4)*(-4 + -1).
2, 41
Let f(j) = -j + 105. Let u(o) = -7*o. Let s be u(0). Let p be f(s). Let m = p - 50. What are the prime factors of m?
5, 11
Let z(x) be the third derivative of x**6/120 - x**5/3 - 5*x**4/6 - 5*x**3/6 - 8*x**2. Let k be z(21). What are the prime factors of (k + 2)*2*2/8?
3
Let t be (1055/(-3))/((-9)/27). Let s = t + -722. List the prime factors of s.
3, 37
Let p = -27 - -24. Let z(v) = -6*v. Let l(i) = 6*i - 1. Let a(m) = 2*l(m) + 3*z(m). List the prime factors of a(p).
2
Let a = -18260 + 29925. List the prime factors of a.
5, 2333
Let c = -180 - -211. Suppose 0 = -33*b + c*b + 996. List the prime factors of b.
2, 3, 83
Let v(c) = 2*c**2 - 120*c + 54521. List the prime factors of v(0).
54521
Suppose 0 = -2*a + 3*p - 20, -18*a + 16*a = -p + 12. What are the prime factors of (a - 1974/6)/(-1)?
3, 37
List the prime factors of 30/(-50) - ((-1)/3 - 179179/15).
5, 2389
Let m be (-45)/(-9)*105/3. Suppose -m*v - 3430 = -180*v. List the prime factors of v.
2, 7
Let v = 241 + 27. Let p = v - 179. List the prime factors of p.
89
Let l(m) = m + 27. Let a be l(-19). Let w = -5 - -10. List the prime factors of w*17 - (-16)/a.
3, 29
Suppose 3*k = 2*v + 2*k + 730, 0 = 4*v - k + 1462. Let y = 371 + v. What are the prime factors of y?
5
Suppose -l - 5*f = -12, 4*l - 5*f + 4 = l. Suppose 0*q = -l*q - 18. What are the prime factors of ((-3)/q)/(1/321)?
107
Suppose 70*t = -28*t + 5*t + 1350546. What are the prime factors of t?
2, 53, 137
Suppose 4*w - 4*f = 3346 + 1270, 5*f = 15. What are the prime factors of w?
13, 89
Suppose -77033 = -43*t + 285887. What are the prime factors of t?
2, 5, 211
What are the prime factors of (-7 + (-30)/(-12) + 8)/((-4)/(-22312))?
7, 2789
Let z(n) = 489*n + 1100. What are the prime factors of z(14)?
2, 29, 137
Let g(b) = -15127*b + 203. List the prime factors of g(-3).
2, 7, 11, 37
Suppose 2*j + 4 = 0, 0 = -741*a + 744*a - j - 48932. List the prime factors of a.
2, 5, 7, 233
Let q = 1782 - 884. Let z = -524 + q. List the prime factors of z.
2, 11, 17
What are the prime factors of (23/2)/(-4*(-5)/8680)?
7, 23, 31
Let d(u) = u**3 + 13*u**2 + 21*u - 8. Let p be d(-11). Suppose -p*b + 482 = 164. What are the prime factors of b?
2, 53
Let t(s) = 802*s**2 + 2 - 3 + 55*s + 8 - 793*s**2 + 5. What are the prime factors of t(9)?
2, 3, 103
Suppose 4799439 + 1840185 = 118*j. List the prime factors of j.
2, 3, 521
Suppose -5*o + 4*o + 3 = 0. Let l(b) = -30*b**o - 156*b + 0*b**3 - 5 + 153*b. What are the prime factors of l(-2)?
241
Suppose 5*s - 4*x = 4*x + 55045, -2*s + 22018 = x. What are the prime factors of s?
101, 109
Let m = -34224 - -75649. What are the prime factors of m?
5, 1657
Let i(x) = 12*x**2 + 3*x. Let h(c) = 25*c**2 + 7*c + 1. Let w(a) = -4*h(a) + 9*i(a). Let y be w(2). Let r = y + -3. What are the prime factors of r?
23
Suppose 0 = 16*l - 11*l - 20. Suppose -2*m - m = 4*i - 18, l*m - 23 = -5*i. Suppose -m*u - 72 = -260. What are the prime factors of u?
2, 47
Let x be ((-6)/(-15))/((-11)/(-39325)). Suppose h - 4*p - x = -h, h + 5*p - 743 = 0. List the prime factors of h.
3, 241
Let g be -2 + 2/(-2) + -101